Determine i(-7).
14
Let d(t) = -t**3 + 8*t**2 - 7*t - 21. Give d(6).
9
Let p(t) = -7*t - 71. Give p(-9).
-8
Let p(k) = -k**3 + 15*k**2 + 13*k + 46. Calculate p(16).
-2
Let v(b) = 3*b**3 + 3*b**2 - 2*b - 27. Determine v(-3).
-75
Let c(a) = 16*a + 37. Determine c(-4).
-27
Let c(w) = -7*w - 14. What is c(-3)?
7
Let z(a) = -a**3 - 9*a**2 - 2*a - 10. Give z(-9).
8
Let i(h) = h**3 - h**2 - h - 13. Calculate i(0).
-13
Let q(o) = 13*o**3 - o**2 - o + 1. Give q(-1).
-12
Let l(a) = 5*a**2 - 5*a + 1. What is l(2)?
11
Let u(d) = 2*d + 8. Determine u(-10).
-12
Let m(s) = 34*s + 1. Determine m(2).
69
Let h(x) = -x**3 + 9*x**2 - 9*x + 10. Give h(8).
2
Let m(d) = 44*d + 82. Give m(-2).
-6
Let y(j) = -j**3 + 15*j**2 + 2. Determine y(15).
2
Let c(y) = -y**3 + 27*y**2 - 24*y - 31. What is c(26)?
21
Let l(s) = -s**3 + 8*s**2 - 3. Give l(8).
-3
Let y(q) = -4*q + 18. What is y(13)?
-34
Let p(j) = -40*j + 207. Give p(5).
7
Let n(o) = -o**2 + 2*o + 2. Give n(7).
-33
Let v(z) = -z**2 - 7*z - 7. Calculate v(-7).
-7
Let y(q) = q**2 - q - 9. What is y(7)?
33
Let k(q) = -q**3 - 15*q**2 - q - 15. Determine k(-15).
0
Let g(o) = -o**2 - 5*o - 2. What is g(-5)?
-2
Let k(s) = -s**3 - s**2 + 3*s - 7. Give k(0).
-7
Let a(q) = q**2 - 10*q + 12. Determine a(5).
-13
Let s(p) = p**3 + 4*p**2 - 4*p + 9. Determine s(-5).
4
Let h(w) = -w**3 + 8*w**2 + 9*w - 12. Give h(7).
100
Let h(z) = z**3 + 34*z**2 - z - 39. Calculate h(-34).
-5
Let j(k) = -5*k. Give j(-6).
30
Let g(k) = k**2 + 7*k - 167. Give g(-17).
3
Let o(x) = -x**2 - 4*x + 73. Give o(6).
13
Let f(b) = b**3 - 18*b**2 - 9*b + 42. Give f(18).
-120
Let v(d) = d**3 + 23*d**2 + 37*d - 32. Calculate v(-21).
73
Let n(o) = -11*o**2 - 2*o - 2. Give n(-1).
-11
Let k(v) = 9*v - 3. Calculate k(5).
42
Let r(g) = g + 5. What is r(2)?
7
Let p(g) = -g**2 + 22*g - 25. What is p(21)?
-4
Let b(s) = -17*s**2 - 1. Calculate b(1).
-18
Let b(l) = 4*l - 122. Calculate b(35).
18
Let n(f) = 78*f**3 - f**2 - f - 1. Determine n(-1).
-79
Let y(r) = -2*r**3 - 6*r**2 - r - 7. Calculate y(-5).
98
Let i(w) = 7*w + 147. Give i(-23).
-14
Let g(v) = -v**2 + 35*v + 25. Give g(36).
-11
Let k(r) = 49*r - 1. Give k(1).
48
Let x(l) = 3*l**2 - 30*l + 24. Calculate x(9).
-3
Let i(w) = -11*w + 13. Give i(-13).
156
Let j(o) = -o**2 + 5*o - 5. Determine j(5).
-5
Let z(r) = -2*r**2 + 50*r - 4. Give z(24).
44
Let b(j) = j**2 - 12*j - 4. What is b(14)?
24
Let m(p) = 7*p**3 - p - 4. Determine m(2).
50
Let h(t) = t**2 + 11*t + 11. Determine h(-11).
11
Let u(c) = -2*c**3 - 4*c**2 - 3*c. Calculate u(-2).
6
Let s(o) = 3*o**3 - 5*o**2 + 3*o - 4. Determine s(3).
41
Let m(q) = 2*q + 6. Calculate m(3).
12
Let d(l) = l + 1. Give d(-1).
0
Let u(g) = 5*g - 14. Calculate u(11).
41
Let k(z) = 12*z**3 - z**2 - 2*z - 1. Give k(-1).
-12
Let i(t) = t + 2. Give i(1).
3
Let g(s) = -3*s**2 + 13*s - 30. Calculate g(6).
-60
Let f(d) = 2*d**3 - 69*d**2 + 37*d - 98. Give f(34).
4
Let b(l) = -3*l - 62. Calculate b(-18).
-8
Let f(s) = s**3 + 4*s**2 - 9*s + 2. Calculate f(-7).
-82
Let q(j) = j**3 - 10*j**2 - 40*j + 14. What is q(13)?
1
Let o(s) = -s**3 + 6*s**2 + 2*s + 3. Determine o(7).
-32
Let v(r) = 29*r + 316. What is v(-11)?
-3
Let i(d) = -d**3 - 10*d**2 + 27*d - 11. What is i(-12)?
-47
Let n(z) = -7*z**2 - z. What is n(1)?
-8
Let r(j) = -j**2 + 24*j - 10. Give r(10).
130
Let x(d) = 11*d**2 - d + 6. What is x(2)?
48
Let s(g) = g**3 - 7*g**2 + 12*g - 43. Calculate s(6).
-7
Let v(l) = 9*l - 6. Determine v(2).
12
Let p(k) = -6*k**2 + 3*k + 7. What is p(0)?
7
Let p(n) = 3*n**3 + 45*n**2 - n + 9. Determine p(-15).
24
Let g(c) = -c**3 - 39*c**2 - 37*c + 35. Give g(-38).
-3
Let t(z) = z**2 - 5*z + 5. What is t(7)?
19
Let m(j) = j - 6. What is m(2)?
-4
Let q(u) = -10*u - 84. Determine q(0).
-84
Let n(l) = -l**2 + 2*l + 10. Give n(6).
-14
Let j(a) = 2*a**2 + 15*a + 16. Calculate j(-10).
66
Let g(y) = -y**3 + 28*y**2 - 24*y - 60. Give g(27).
21
Let n(c) = c**3 + 4*c**2 + 3*c - 2. Determine n(-2).
0
Let t(l) = -14*l**3 - 4*l - 3. Determine t(-1).
15
Let o(j) = -3*j**2 - 35*j - 30. Calculate o(-11).
-8
Let x(z) = z**2 + 49*z + 193. Determine x(-4).
13
Let m(h) = h**3 + 20*h**2 + 10*h + 6. Calculate m(-19).
177
Let m(y) = -8*y + 29. Give m(-11).
117
Let u(m) = -3*m**3 + 7*m**2 + 10*m - 28. Determine u(2).
-4
Let s(l) = -5*l - 13. Calculate s(-4).
7
Let w(g) = -2*g**2 - 8*g - 13. Determine w(-6).
-37
Let n(k) = -k**3 + 8*k**2 - 14*k + 7. Give n(6).
-5
Let t(r) = 6*r + 1. Give t(3).
19
Let u(o) = -8*o + 54. Give u(-10).
134
Let y(b) = b**2 + 5*b + 6. Calculate y(-6).
12
Let a(v) = 3*v**3 + 2*v**2 - 3*v - 5. Calculate a(-2).
-15
Let r(j) = -4*j - 109. Calculate r(-29).
7
Let h(c) = -4*c + 3. Give h(-9).
39
Let c(j) = 2*j**2 - 22*j - 11. Calculate c(12).
13
Let x(k) = -5*k**3 - 2*k**2 + 2. Determine x(2).
-46
Let y(z) = -z**3 + 3*z**2 + 4*z + 4. Determine y(-4).
100
Let c(l) = -l**3 + 10*l**2 - l + 10. Calculate c(10).
0
Let w(x) = -x + 3. Determine w(2).
1
Let k(a) = -a**2 + 18*a + 3. Determine k(12).
75
Let p(n) = n - 11. Calculate p(10).
-1
Let l(j) = -4*j**3 + 3*j**2 + 2*j - 4. Give l(-2).
36
Let o(x) = 7*x + 14. Give o(-16).
-98
Let j(q) = -q**2 - 15*q + 8. Determine j(-5).
58
Let w(m) = -28*m - 148. Determine w(-6).
20
Let u(d) = 42*d**3 - 2*d**2 + 1. Calculate u(-1).
-43
Let a(i) = -i**3 + 5*i**2 + 8*i + 2. What is a(6)?
14
Let a(h) = 10*h + 76. What is a(-9)?
-14
Let i(w) = 99*w**3 - w**2 - w - 1. What is i(-1)?
-100
Let q(y) = -y**3 - 15*y**2 - 8*y - 31. Determine q(-15).
89
Let a(h) = -h - 7. Calculate a(-4).
-3
Let n(u) = -u**2 - 29*u - 135. Calculate n(-24).
-15
Let i(n) = n**3 - 5*n**2 - 5*n - 3. Determine i(6).
3
Let n(u) = 2*u**2 - 23*u - 24. Determine n(12).
-12
Let s(z) = 18*z**2 - 6*z - 6. Calculate s(-1).
18
Let g(f) = -f**3 + 7*f**2 - 5*f. Calculate g(6).
6
Let x(m) = -m**2 + m - 11. Calculate x(5).
-31
Let p(s) = -8*s + 14. Determine p(-10).
94
Let f(o) = -o**3 + 22*o**2 - 24*o + 59. What is f(21)?
-4
Let o(q) = 16*q + 119. Give o(-7).
7
Let z(q) = -15*q**3 - 3*q + 3. Determine z(1).
-15
Let h(m) = -7*m - 77. Calculate h(-10).
-7
Let f(b) = -20*b + 196. What is f(10)?
-4
Let a(q) = 6*q + 7. What is a(2)?
19
Let f(o) = o**3 + 6*o**2 + 8*o + 2. What is f(-6)?
-46
Let l(j) = 7*j + 185. Give l(-26).
3
Let j(b) = -b**2 - 19*b + 37. Calculate j(-21).
-5
Let i(q) = -6*q - 16. Determine i(-3).
2
Let n(w) = -w**3 + 4*w**2 - w - 3. What is n(4)?
-7
Let d(l) = 7*l**2 + 82*l - 25. Calculate d(-12).
-1
Let o(x) = -2*x**2 + 29*x - 19. Determine o(14).
-5
Let z(r) = -r - 13. What is z(-22)?
9
Let b(q) = -q**3 - q**2 - 16*q + 4. Give b(0).
4
Let v(d) = 34*d + 174. Calculate v(-5).
4
Let k(a) = 2*a**3 + a**2 + 2*a + 3. What is k(-2)?
-13
Let o(g) = 17*g**2 - 3*g - 2. Give o(-1).
18
Let w(d) = -2*d**3 - 18*d**2 + 17*d - 19. Give w(-10).
11
Let o(x) = x - 4. What is o(2)?
-2
Let a(n) = n**3 - 6*n**2 + 7*n - 3. Calculate a(5).
7
Let z(g) = g**3 - 17*g**2 - 20*g + 35. Determine z(18).
-1
Let i(h) = h**2 + 8*h + 5. What is i(-6)?
-7
Let y(w) = -7*w + 11. Calculate y(6).
-31
Let v(c) = c**3 - 12*c**2 + 10*c - 16. Give v(11).
-27
Let k(z) = -z**3 + 8*z**2 - 10*z - 6. Give k(6).
6
Let n(j) = j**3 + j**2 - j + 26. What is n(0)?
26
Let m(j) = -j**3 + 5*j**2 + 6*j + 5. Determine m(7).
-51
Let r(a) = -a**3 - 9*a**2 + 6*a - 20. What is r(-10)?
20
Let q(h) = h**2 + 37*h - 71. Calculate q(-39).
7
Let k(m) = -m**2 - 11*m + 66. Give k(-15).
6
Let t(d) = -d**3 - d**2 + 5*d + 47. What is t(0)?
47
Let x(w) = -2*w**2 - 38*w - 76. What is x(-17)?
-8
Let x(b) = b - 8. Calculate x(11).
3
Let k(d) = 6*d + 3. Calculate k(-4).
-21
Let l(p) = -p**2 + 2. Give l(2).
-2
Let i(q) = 2*q**3 + 31*q**2 + 11*q - 43. Give i(-15).
17
Let f(w) = 8*w. Determine f(0).
0
Let c(n) = n**2 + 13*n + 7. Give c(-5).
-33
Let j(s) = -3*s + 39. Give j(12).
3
Let z(b) = b**3 + 6*b**2 + b - 5. Determine z(-6).
-11
Let l(s) = 2*s**3 - 3*s**2 - 3*s - 2. What is l(-1)?
-4
Let l(s) = 7*s**3 + 18*s**2 + 17*s - 1. Calculate l(-1).
-7
Let t(n) = n**2 + 12*n - 12. What is t(-9)?
-39
Let s(m) = 39*m**3 + 2*m**2 + 6*m + 5. Give s(-1).
-38
Let x(k) = 21*k**2 - k. Calculate x(1).
20
Let n(w) = -6*w - 61. Determine n(-10).
-1
Let t(b) = 2*b**3 + 13*b**2 + 27*b + 54. Determine t(-5).
-6
Let c(h) = h**3 - 14*h**2 - 6*h - 11. Determine c(14).
-95
Let n(r) = -r**2 + 4*r - 13. 